{"id":12,"date":"2019-11-23T18:18:39","date_gmt":"2019-11-23T18:18:39","guid":{"rendered":"http:\/\/aerialist-mira-greta.com\/?page_id=12"},"modified":"2023-12-19T17:41:58","modified_gmt":"2023-12-19T17:41:58","slug":"about_me","status":"publish","type":"page","link":"https:\/\/www.miragreta.com\/index.php\/about_me\/","title":{"rendered":"About Me"},"content":{"rendered":"\r\n<p><strong>Scool years:<\/strong><\/p>\r\n\r\n\r\n\r\n<ul>\r\n<li>2000 &#8211; 2004 M\u00e9rn\u00f6k street elementary school, folk dance, acrobatic rock and roll.<\/li>\r\n<li>2003 &#8211; 2004 Ballet Preparatory Institute<\/li>\r\n<li>2004 &#8211; 2006 Hungarian Academy of Dance<\/li>\r\n<li>2006 &#8211; 2009 G\u00e1bor Bethlen Elementary School, acrobatic rock and roll. Musical training with Zolt\u00e1n Grecs\u00f3<\/li>\r\n<li>2012 Hungarian Cirus Festival<\/li>\r\n<li>2009 &#8211; 2013 Hungarian Artist Training Institute<\/li>\r\n<\/ul>\r\n\r\n\r\n\r\n<p><strong>Contractual years<\/strong><\/p>\r\n\r\n\r\n\r\n<ul>\r\n<li>2014 Recirquel Art Company &#8211; Palace of Arts (aerialist)<\/li>\r\n<li>2014 Dance practice with Gabor Finta<\/li>\r\n<li><strong>2014 &#8211; 2019<\/strong> DouExxtrem (aerialist)<\/li>\r\n<li>2014 Netherlands National Circus Herman Renz \/ Belgium<\/li>\r\n<li>2015 &#8211; 2016 Circo Hermanos Vazquez \/ USA<\/li>\r\n<li>2016 &#8211; 2017 Kassel Festival in Flic Flac \/ Germany<\/li>\r\n<li><strong>2017 &#8211; 2018 The Nederlands national Circus \/ England &#8211; Tony Hopkins<\/strong><\/li>\r\n<li>2017 Chinese State Circus &#8211; Phillip Gandey<\/li>\r\n<li>2017 Flic Flac Christmas Show in N\u00fcrnberg<\/li>\r\n<li><strong>2018 Festival International du Cirque du Val dI Oise Domont<\/strong> \/ France<\/li>\r\n<li><strong>2019 Hungarian National Circus &#8211; J\u00f3zsef Richter<\/strong> : Semaphore with Laszlo Simet \/Germany<\/li>\r\n<li>2019 Dance practice with Gabor Finta<\/li>\r\n<li>2019. Heilbronner Weichnachtscircus Semaphore with Laszlo Simet \/Germany<\/li>\r\n<li><strong>2020. Russian cradle wrokshop of The NexGen program by Cirque du Soleil collaboration with Balance ATC. <\/strong>\/ Hungary<\/li>\r\n<li><strong>2021 Chimelong Hengqin International Circus City Zhuhai<\/strong> \/ Semaphore with Laszlo Simet<\/li>\r\n<li>2022 &#8211; 2023 Xintiandi Sun Theatre, Hangzhou, China (<strong>X-Show<\/strong> Cirque du Soleil)<\/li>\r\n<\/ul>\r\n<p><strong style=\"font-size: 1rem;\"><span class=\"tlid-translation translation\" lang=\"en\"><span title=\"\">References:<\/span><\/span><\/strong><\/p>\r\n<p><strong>Gabor Finta <span style=\"color: #333333; font-size: 1rem;\">&#8211; <\/span><span class=\"tlid-translation translation\" lang=\"en\" style=\"color: #333333; font-size: 1rem;\"><span class=\"\" title=\"\">dancer, choreographer :\u00a0<\/span><\/span>\u00a0<\/strong><\/p>\r\n<p><img decoding=\"async\" loading=\"lazy\" class=\" wp-image-633\" src=\"https:\/\/www.miragreta.com\/wp-content\/uploads\/2023\/12\/gabor_finta.jpg\" alt=\"\" width=\"295\" height=\"118\" srcset=\"https:\/\/www.miragreta.com\/wp-content\/uploads\/2023\/12\/gabor_finta.jpg 886w, https:\/\/www.miragreta.com\/wp-content\/uploads\/2023\/12\/gabor_finta-300x120.jpg 300w, https:\/\/www.miragreta.com\/wp-content\/uploads\/2023\/12\/gabor_finta-768x308.jpg 768w\" sizes=\"(max-width: 295px) 100vw, 295px\" \/><\/p>\r\n<p>&#8222;..I have known her for about 6 years now. She has a great potential as a performing artist. Her attitude at work is concentrated and easy to deal with. She is ready to learn new things and work them out till they are perfect. She is on the way to have great success in her profession. I wish her all the best for her carrier&#8230;&#8221;<\/p>\r\n<p>&#8212;&#8212;&#8212;&#8212;&#8212;&#8212;&#8212;&#8212;&#8212;&#8212;-<\/p>\r\n<p><strong>Laszl\u00f3 Simet &#8211;\u00a0artist:<\/strong><\/p>\r\n<p><img decoding=\"async\" loading=\"lazy\" class=\"alignnone  wp-image-634\" src=\"https:\/\/www.miragreta.com\/wp-content\/uploads\/2023\/12\/laszlo_simet.jpg\" alt=\"\" width=\"314\" height=\"114\" srcset=\"https:\/\/www.miragreta.com\/wp-content\/uploads\/2023\/12\/laszlo_simet.jpg 501w, https:\/\/www.miragreta.com\/wp-content\/uploads\/2023\/12\/laszlo_simet-300x109.jpg 300w\" sizes=\"(max-width: 314px) 100vw, 314px\" \/><\/p>\r\n<p>&#8222;..Mira has performed in The Astronauts act in 2019. She is one of the most skilled, talented artist I have worked with. She is conscientious and hard working. A very nice person, you can always rely on. I am very happy to had her on board..&#8221;<\/p>\r\n<p>&#8212;&#8212;&#8212;&#8212;&#8212;&#8212;&#8212;&#8212;&#8212;&#8212;-<\/p>\r\n<p><strong>\u9732\u9732\u00a0 Faith<\/strong> &#8211;<strong> artist<\/strong><\/p>\r\n<p>When Mira fist joined<strong> X- Show<\/strong>, her knowledge of cradle and acrobatic technique was limited. However over the course of her time there, she has surpassed seasoned performers in her technical ability, and it has been wonderful to witness her technical growth.<\/p>\r\n<p>Yet, what sets Mira apart goes beyond her acrobatic progress. Her personal growth has been equally, if not more impressive. She has evolved into a more confident and assertive individual, a transformation that can only happen through facing challenges head on and coming-out on top. It\u2019s evident from her time here that she has been put through difficult situations and she has taken the opportunity to learn from every situation that came her way.<\/p>\r\n<p>While I have contributed to Mira\u2019s technical acrobatic growth, Mira has taught me invaluable lessons in teaching, learning, and most importantly friendship. Her time here has been a profound reminder that the circus is not only about acrobatics, it\u2019s more importantly about the people you spend your time with, and spending time with Mira in Hangzhou has made my life significantly richer.<\/p>\r\n<p>Being at <strong>X-Show<\/strong> and gaining a deeper understanding of Mira\u2019s character, I have no doubt that she will be successful in whichever path she chooses to pursue. She\u2019s demonstrated her exceptional ability to handle people and circumstances with patience and wisdom, qualities that will propel her far in whichever direction she chooses to go.<\/p>\r\n<p>I am truly grateful to get to train and perform with Mira these past years, but more thankful for a lifelong friend.<\/p>\r\n","protected":false},"excerpt":{"rendered":"<p>Scool years: 2000 &#8211; 2004 M\u00e9rn\u00f6k street elementary school, folk dance, acrobatic rock and roll. 2003 &#8211; 2004 Ballet Preparatory Institute 2004 &#8211; 2006 Hungarian Academy of Dance 2006 &#8211; 2009 G\u00e1bor Bethlen Elementary School, acrobatic rock and roll. Musical training with Zolt\u00e1n Grecs\u00f3 2012 Hungarian Cirus Festival 2009 &#8211; 2013 Hungarian Artist Training Institute &hellip; <\/p>\n<p class=\"link-more\"><a href=\"https:\/\/www.miragreta.com\/index.php\/about_me\/\" class=\"more-link\"><span class=\"screen-reader-text\">&#8222;About Me&#8221;<\/span> b\u0151vebben<\/a><\/p>\n","protected":false},"author":1,"featured_media":158,"parent":0,"menu_order":3,"comment_status":"closed","ping_status":"closed","template":"","meta":{"_bbp_topic_count":0,"_bbp_reply_count":0,"_bbp_total_topic_count":0,"_bbp_total_reply_count":0,"_bbp_voice_count":0,"_bbp_anonymous_reply_count":0,"_bbp_topic_count_hidden":0,"_bbp_reply_count_hidden":0,"_bbp_forum_subforum_count":0,"footnotes":""},"_links":{"self":[{"href":"https:\/\/www.miragreta.com\/index.php\/wp-json\/wp\/v2\/pages\/12"}],"collection":[{"href":"https:\/\/www.miragreta.com\/index.php\/wp-json\/wp\/v2\/pages"}],"about":[{"href":"https:\/\/www.miragreta.com\/index.php\/wp-json\/wp\/v2\/types\/page"}],"author":[{"embeddable":true,"href":"https:\/\/www.miragreta.com\/index.php\/wp-json\/wp\/v2\/users\/1"}],"replies":[{"embeddable":true,"href":"https:\/\/www.miragreta.com\/index.php\/wp-json\/wp\/v2\/comments?post=12"}],"version-history":[{"count":20,"href":"https:\/\/www.miragreta.com\/index.php\/wp-json\/wp\/v2\/pages\/12\/revisions"}],"predecessor-version":[{"id":638,"href":"https:\/\/www.miragreta.com\/index.php\/wp-json\/wp\/v2\/pages\/12\/revisions\/638"}],"wp:featuredmedia":[{"embeddable":true,"href":"https:\/\/www.miragreta.com\/index.php\/wp-json\/wp\/v2\/media\/158"}],"wp:attachment":[{"href":"https:\/\/www.miragreta.com\/index.php\/wp-json\/wp\/v2\/media?parent=12"}],"curies":[{"name":"wp","href":"https:\/\/api.w.org\/{rel}","templated":true}]}}